 + 22 + 0 - 11 - (1 + 5)?
-4
Calculate -3 - ((0 - 6) + 8) - 1.
-6
Calculate 4 + -26 + 10 + 2 - 8.
-18
What is 18 - (-10 + 5 + 0 + 3 + 7)?
13
Calculate 14 + -5 - (8 + -14) - 9.
6
-5 - (-35 - (-28 - -12))
14
(6 - (1 + 0) - (0 + -6)) + 0
11
What is the value of (-1 - 1) + (3 - (-20 + 9))?
12
(-1 - -1) + (182 - 185) - (-5 + -1)
3
Evaluate -3 - ((-1 - -8) + -7) - (-1 + -15).
13
(7 - (-13 - -29)) + 10
1
Evaluate 44 + -24 - (38 + 12).
-30
-16 + (1 + 4 + -8 - (42 + -47))
-14
Evaluate (29 - -6) + -26 - (0 - -4).
5
What is the value of 38 + -30 + 12 - 9?
11
Evaluate -139 + 110 + -3 + 26.
-6
Calculate -8 + 15 + -1 + 20 - (27 - 18).
17
Evaluate 0 - -44 - (1602 - 1577).
19
-18 - 0 - (-24 + 15)
-9
What is the value of -11 - (-1 + (11 - 36))?
15
What is the value of -4 + 51 + (4 - 27)?
24
Evaluate -3 - (15 + -26) - -2.
10
2 + (2 - (-7 + (5 - -8)))
-2
What is the value of 9 - 0 - (43 - 31)?
-3
11 - -11 - ((0 - -1) + (6 - 4))
19
(51 - 15 - 11) + -27
-2
What is -9 + (-2 - 10 - -4) + (2 - -13)?
-2
What is 2 + (3 - -5 - (4 - 5))?
11
Calculate 6 - (-9 + 18 + 2).
-5
What is (-103 - -98) + -3 + 12 + -4?
0
What is 1 - (7 - 4 - 2) - -1?
1
What is the value of -4 - (20 - 4 - 11 - -7)?
-16
Calculate (4 - 2 - -18) + -8.
12
Calculate 7 + (-4 + 11 - 6) + -6 - 0.
2
Calculate (-2 - (-2 + -5)) + -1 - (3 - -4).
-3
What is -43 + 5 + (103 - 80)?
-15
Calculate -13 - ((1 - -1) + (-13 - -11) + 1).
-14
Calculate (-12 + 16 + -10 - (3 - -1)) + -14.
-24
-15 + (-7 - 1) + -208 + 230
-1
(4 - -11) + (11 - 18) + -11
-3
Calculate 14 - (-1 - -12) - -8.
11
-22 + 0 + 67 + -27 + -33
-15
Evaluate -6 + 0 - (-4 + -3 + -5).
6
Calculate -28 + (191 - 193) + (1 - (-1 + -3)).
-25
What is 21 + -5 - (42 + -33) - 6?
1
Calculate -34 + 33 - (0 - 6).
5
Evaluate 11 + (9 - 24) + -5 - 3.
-12
What is -1 + 12 + 0 + -271 + 262?
2
Calculate 9 + (15 - 22) + 2 + -2.
2
Calculate -5 - 0 - 18 - -9.
-14
What is the value of (-10 - 0) + (-201 - -214) - 27?
-24
10 + 6 + (-37 - -24)
3
Evaluate (-5 - (8 - (0 + 9))) + 2.
-2
12 + -1 + (-145 - -142)
8
Calculate -11 - -1 - (-9 + (-16 - -29)).
-14
What is 27 + -10 + (5 - 0 - 9)?
13
Calculate (3 - (-4 - -9)) + (28 - 20) - -9.
15
What is -22 + -5 + 1 + (-2 - -1 - -1)?
-26
What is 9 - (-14 - (-5 - 21))?
-3
Calculate (5 - 3) + 8 + -9.
1
Calculate (-8 - -6) + 7 - (-20 - -13).
12
Calculate 2 + (-6 - (-3 + 6 + -1)).
-6
What is (272 - 294) + -3 + 13?
-12
Evaluate (-26 - 18 - -2) + 53.
11
25 + -39 + -26 + 19 + -1 + 8
-14
What is 30 - 43 - (-35 + 5)?
17
Calculate (-1 - 0) + (3 - -35) + (14 - 19).
32
Calculate 7 - ((41 - -2) + -24).
-12
-2 - (-15 + 2 + 23)
-12
Evaluate 1 + 16 - (-7 + 74 + -86).
36
(-16 - (-58 - -56)) + -5 + 0
-19
Evaluate 10 + (6 - 10) - (-6 + 1).
11
Evaluate -40 + 38 + (-11 - -3).
-10
15 + (6 - 0) + -11 - -16
26
Evaluate -3 + 4 + -6 + 11 + 2 + -14.
-6
What is the value of (6 - (6 - 9)) + (14 - 4)?
19
Evaluate -4 + 5 + 0 + 41 + -36 - 8.
-2
49 + 18 + (-4 - 27)
36
What is (0 - 4) + (6 - (-8 - (-20 + 3)))?
-7
What is 59 - (-7 + -21 + 62)?
25
What is -83 + 126 + 2 + -34?
11
What is -11 - (6 - 0 - 12) - -1?
-4
Calculate -841 + 839 + (6 - (-2 + 0)).
6
What is 0 + (-18 - -14) + (3 + -6 - -1)?
-6
-1 + -39 + 22 + 33
15
Evaluate 11 - ((14 - -10) + -7 + 3).
-9
Evaluate -15 + 8 + -27 + (8 - -1).
-25
Calculate -34 - (-40 + 81 - 111).
36
Calculate 12 + (15 - 12) + -18.
-3
What is the value of -17 + 5 + (5 - 1 - (5 + 1))?
-14
Calculate 196 + -182 + (-4 - -1).
11
-22 + (-1 - (-2 - 13))
-8
What is the value of 4 + -6 - 1 - 1 - (-17 + 18)?
-5
Calculate (3 - (10 - (2 - 7))) + 5.
-7
Calculate (-4 - (1 - 13)) + -7.
1
Evaluate -5 - (-2 + 1 + (-7 - (6 + 1))).
10
37 + -3 + 13 + -25 + 0
22
6 + (2 - 0) + -3 + -2
3
-1 - (2 - -11) - (-24 + 26)
-16
What is 3 - (18 + -26) - (1 + -10)?
20
What is -27 - -30 - (5 - -2) - 7?
-11
What is the value of 8 - (-37 + 37 - 5)?
13
Evaluate -8 - ((23 - 2 - 13) + 2 + -4).
-14
What is 1 - 22 - (53 + -5 + -50)?
-19
What is the value of 6 - (8 - (-1 + (-9 - -8)))?
-4
What is -9 + (-4 - (-2 - 6)) - -1 - -5?
1
What is the value of (10 - 5) + (-69 - -80)?
16
Evaluate -1 + (-23 - (16 + -8)).
-32
Calculate (-10 - 30) + 48 + 14 + (2 - 3).
21
(-27 - (4 + -12 - 2)) + 5
-12
Calculate 3 + 7 - (9 + 5 + 5 + 8).
-17
Calculate -7 - (3 + (-3 - 2)) - (0 - 9).
4
(23 - (4 + 3)) + -5 + 12
23
Evaluate 20 - (14 + -22 + 20).
8
What is (0 - -1) + -17 - (2028 - 2034)?
-10
What is the value of -4 + -1 + (-20 - (-19 - -3))?
-9
Calculate -15 + 7 + 2 + (0 - 0).
-6
Evaluate (-2 - -1 - -8) + (-190 - -187).
4
What is (7 + 22 - 25) + (-11 - -1)?
-6
-10 + 2 - 11 - (15 + -16)
-18
Evaluate 8 + -6 + -4 + 1 + 2 + -17.
-16
3 + -8 + 2 + (7 - (6 + -7))
5
Calculate -288 - -304 - (1 - -13) - 11.
-9
-10 + (14 - (23 + -15))
-4
What is (-15 - 6) + 0 + 11?
-10
Evaluate -15 - (29 - (10 - -21)).
-13
-6 - (-11 - (11 - 6)) - 10
0
What is the value of (-2 - -22 - (-37 - -54)) + (-4 - 0)?
-1
Calculate (25 + -14 - 14) + -5 + (-13 - -4).
-17
Evaluate -5 + -14 + (-40 - -57).
-2
-8 + (-4 + 26 - 8) - (3 - 7)
10
What is 0 - (26 + -12 + -22)?
8
Calculate 1 + -39 + 46 + -1 + 0 + 5.
12
-16 + 2 - 13 - -49
22
What is 0 - ((14 - 24) + 12)?
-2
Calculate -2 + (-6 - (-2 - -1)) - -4.
-3
(15 - 0 - 5) + -3 + 16
23
What is -17 - ((6 - (13 - (8 - 3))) + 8)?
-23
What is (1 - -4) + -16 + (4 - -2) + -6?
-11
(-5 - -2) + -13 - (-7 + 4 + 10)
-23
What is -143 + 153 - (0 - -13)?
-3
What is the value of (-79 - -78) + (4 - (0 - -1 - 0))?
2
Calculate -3 + -21 - (5 + -11) - -3.
-15
(-24 - -13) + -1 + 24
12
Calculate 23 + (22 - 38) - 6.
1
10 - 3 - (21 - 9) - (0 - 2)
-3
Evaluate (-1 - -14) + 389 + -400.
2
-1 - (18 + -2) - (181 + -207)
9
Evaluate 15 - 3 - (-12 + (13 - 4) + -4).
19
What is the value of 18 + (-1 - -1) - (-489 - -492)?
15
What is the value of -4 + -26 + 10 + 12 - -11?
3
Calculate -7 + -11 + (10 - -38 - 9).
21
Evaluate 16 + 4 + 0 - 6.
14
What is (-7 - -1) + -8 + 14 + (-15 - -13)?
-2
-335 + 352 - (42 + -2)
-23
Evaluate (-3 - 96) + 102 - (29 - 0).
-26
Calculate (-1 - -2) + -2 + (-4 - -1 - -11).
7
Evaluate 18 - (14 + -8 + 10).
2
What is the value of -14 + 10 + (5 - -1) + 2 + -2?
2
3 + (-29 - (-4 + -8 + 17 + -1))
-30
15 - (3 - (7 - (-1 + -2 + 7)))
15
What is -11 - (12 - (29 + -10))?
-4
What is (-6 - (0 - 1)) + (2 - (-14 - -7))?
4
Calculate -8 + 1 + -6 + 7 + 1 - -5.
0
Evaluate -2 + (3 - (-11 + 12)) + -7.
-7
What is the value of -16 + (12 - 6) - (10 - 30)?
10
5 + -2 - (-10 + (5 - 12 - -26))
-6
What is the value of 6 - (-21 + 10 - -13)?
4
Calculate 14 + 0 + -214 + 184.
-16
What is (1 - 2) + -6 - (-135 + 78 + 69)?
-19
What is -21 + (0 - -2) + (-341 - -350)?
-10
What is the value of -12 + -1 + 2 - (58 + -67 + 16)?
-18
Calculate -13 + 2 - (-11 - (-9 - -5)).
-4
(-79 - -65) + (-3 - 3)
-20
Calculate 5 - (-8 + (10 - -26 - 9)).
-14
What is the value of (13 - (3 + -9 - -12)) + -22?
-15
Calculate 11 + 10 + -32 - (3 - 28).
14
What is 17 + -30 - ((4 - -3) + -4)?
-16
What is the value of 3 - (-18 + 13 + -14 + -1)?
23
What is the value of (-57 - -48) + -13 + -5?
-27
Calculate -31 + 0 + 39 - (1 + (-1 - -33)).
-25
Calculate (-6 - 5) + 8 + (-3 - 10).
-16
What is (10 - (-5 + (-2 - -22))) + (-1 - 10)?
-16
What is -23 + -28 + 0 + 27?
-24
What is the value of -3 - -13 - 1 - ((-10 - -29) + -10)?
0
Evaluate 21 + -18 + 17 + -2.
18
-1 + 0 + -63 + (31 - -3) + 1
-29
(1 - (-1 - -6)) + (-6 - (-3 + -14))
7
Calculate 11 + (0 - -10) + (-138 - -138).
21
-38 + 105 + -36 - 29
2
Evaluate -5 - (-7 - 6) - (1 - -18 - 10).
-1
What is the value of -5 - 7 - -7 - ((-3 - 0) + -28)?
26
What is 3 + -7 + (-7 + 3 - (-2 + 1))?
-7
Calculate 8 + (6 - (13 + 2)).
-1
Calculate 7 + -5 - ((11 - 18) + 16 - 1).
-6
What is the value of (4 - -6) + 11 + 2 + -17 - 4?
2
What is -1 - 15 - -1 - (367 + -408)?
26
What is the value of -10 - -4 - (5 + -7)?
-4
Evaluate (-2 - (-7 + 1)) + -25.
-21
Calculate 0 - 1 - (-6 + 61 + -19 - 13).
-24
Calculate (-15 - -1 - -6) + (-1 - -3) + 1.
-5
3 - (-8 - -2) - (4 + -1)
6
What is -4 + 6 + -2 - 0?
0
What is -27 + (2 - (-39 - -9))?
5
Calculate -34 + -39 + 81 + 28.
36
6 + -3 + (2 - 1) - (-20 + 22)
2
Evaluate (24 - (17 - 7)) + -18.
-4
Calculate 0 + 1 - (-139 - -127).
13
Calculate -3 + 10 - (-10 + 35) - (-10 + 3).
-11
What is -1 - (-20 + 42 - 37)?
14
0 - -4 - (10 - (0 + -5))
-11
12 + (3 - (-5 - -15))
5
-2 + (-14 - -3) + -2 - -9
-6
Evaluate -26 + 34 + -15 - (1 + 7).
-15
(-14 - 0 - -